{"id":7,"date":"2022-10-10T15:45:31","date_gmt":"2022-10-10T15:45:31","guid":{"rendered":"https:\/\/minnhard-amrum.de\/?page_id=7"},"modified":"2022-10-12T06:29:29","modified_gmt":"2022-10-12T06:29:29","slug":"startseite","status":"publish","type":"page","link":"https:\/\/minnhard-amrum.de\/","title":{"rendered":"Startseite"},"content":{"rendered":"<p>[et_pb_section fb_built=&#8220;1&#8243; _builder_version=&#8220;4.18.0&#8243; _module_preset=&#8220;default&#8220; custom_padding=&#8220;1px|||||&#8220; global_colors_info=&#8220;{}&#8220;][et_pb_row _builder_version=&#8220;4.18.0&#8243; _module_preset=&#8220;default&#8220; width=&#8220;100%&#8220; custom_padding=&#8220;0px|||||&#8220; global_colors_info=&#8220;{}&#8220;][et_pb_column type=&#8220;4_4&#8243; _builder_version=&#8220;4.18.0&#8243; _module_preset=&#8220;default&#8220; global_colors_info=&#8220;{}&#8220;][et_pb_image src=&#8220;https:\/\/minnhard-amrum.de\/wp-content\/uploads\/2022\/10\/HEADDER22-1.jpg&#8220; title_text=&#8220;HEADDER22&#8243; align=&#8220;center&#8220; force_fullwidth=&#8220;on&#8220; _builder_version=&#8220;4.18.0&#8243; _module_preset=&#8220;default&#8220; global_colors_info=&#8220;{}&#8220;][\/et_pb_image][\/et_pb_column][\/et_pb_row][et_pb_row column_structure=&#8220;1_2,1_2&#8243; _builder_version=&#8220;4.18.0&#8243; _module_preset=&#8220;default&#8220; custom_margin=&#8220;41px|auto||auto||&#8220; global_colors_info=&#8220;{}&#8220;][et_pb_column type=&#8220;1_2&#8243; _builder_version=&#8220;4.18.0&#8243; _module_preset=&#8220;default&#8220; global_colors_info=&#8220;{}&#8220;][et_pb_gallery gallery_ids=&#8220;35,40&#8243; fullwidth=&#8220;on&#8220; _builder_version=&#8220;4.18.0&#8243; _module_preset=&#8220;default&#8220; auto=&#8220;on&#8220; global_colors_info=&#8220;{}&#8220;][\/et_pb_gallery][\/et_pb_column][et_pb_column type=&#8220;1_2&#8243; _builder_version=&#8220;4.18.0&#8243; _module_preset=&#8220;default&#8220; global_colors_info=&#8220;{}&#8220;][et_pb_text _builder_version=&#8220;4.18.0&#8243; _module_preset=&#8220;default&#8220; global_colors_info=&#8220;{}&#8220;]<\/p>\n<h2 style=\"text-align: left;\">Willkommen auf unserer Website!<\/h2>\n<p>&nbsp;<\/p>\n<p style=\"text-align: left;\">Das Haus Minnhard liegt mitten auf unserer sch\u00f6nen Insel. Die Ferienwohnung ist f\u00fcr 2 Personen und liegt im Dachgeschoss des Hauses.<\/p>\n<p style=\"text-align: left;\">Unser sch\u00f6ner Garten l\u00e4dt zum Verweilen ein.<\/p>\n<p style=\"text-align: left;\">Freuen Sie sich auf einen entspannten Urlaub.<\/p>\n<p style=\"text-align: left;\">\n<p style=\"text-align: left;\">Birte und Michael Meewes<\/p>\n<p>[\/et_pb_text][\/et_pb_column][\/et_pb_row][\/et_pb_section]<\/p>\n","protected":false},"excerpt":{"rendered":"<p>Willkommen auf unserer Website! &nbsp; Das Haus Minnhard liegt mitten auf unserer sch\u00f6nen Insel. Die Ferienwohnung ist f\u00fcr 2 Personen und liegt im Dachgeschoss des Hauses. Unser sch\u00f6ner Garten l\u00e4dt zum Verweilen ein. Freuen Sie sich auf einen entspannten Urlaub. Birte und Michael Meewes<\/p>\n","protected":false},"author":1,"featured_media":0,"parent":0,"menu_order":0,"comment_status":"closed","ping_status":"closed","template":"","meta":{"_et_pb_use_builder":"on","_et_pb_old_content":"","_et_gb_content_width":"","pgc_sgb_lightbox_settings":"","footnotes":""},"_links":{"self":[{"href":"https:\/\/minnhard-amrum.de\/index.php?rest_route=\/wp\/v2\/pages\/7"}],"collection":[{"href":"https:\/\/minnhard-amrum.de\/index.php?rest_route=\/wp\/v2\/pages"}],"about":[{"href":"https:\/\/minnhard-amrum.de\/index.php?rest_route=\/wp\/v2\/types\/page"}],"author":[{"embeddable":true,"href":"https:\/\/minnhard-amrum.de\/index.php?rest_route=\/wp\/v2\/users\/1"}],"replies":[{"embeddable":true,"href":"https:\/\/minnhard-amrum.de\/index.php?rest_route=%2Fwp%2Fv2%2Fcomments&post=7"}],"version-history":[{"count":9,"href":"https:\/\/minnhard-amrum.de\/index.php?rest_route=\/wp\/v2\/pages\/7\/revisions"}],"predecessor-version":[{"id":97,"href":"https:\/\/minnhard-amrum.de\/index.php?rest_route=\/wp\/v2\/pages\/7\/revisions\/97"}],"wp:attachment":[{"href":"https:\/\/minnhard-amrum.de\/index.php?rest_route=%2Fwp%2Fv2%2Fmedia&parent=7"}],"curies":[{"name":"wp","href":"https:\/\/api.w.org\/{rel}","templated":true}]}}

<p>[et_pb_section fb_built=&#8220;1&#8243; _builder_version=&#8220;4.18.0&#8243; _module_preset=&#8220;default&#8220; custom_padding=&#8220;1px|||||&#8220; global_colors_info=&#8220;{}&#8220;][et_pb_row _builder_version=&#8220;4.18.0&#8243; _module_preset=&#8220;default&#8220; width=&#8220;100%&#8220; custom_padding=&#8220;0px|||||&#8220; global_colors_info=&#8220;{}&#8220;][et_pb_column type=&#8220;4_4&#8243; _builder_version=&#8220;4.18.0&#8243; _module_preset=&#8220;default&#8220; global_colors_info=&#8220;{}&#8220;][et_pb_image src=&#8220;https://minnhard-amrum.de/wp-content/uploads/2022/10/HEADDER22-1.jpg&#8220; title_text=&#8220;HEADDER22&#8243; align=&#8220;center&#8220; force_fullwidth=&#8220;on&#8220; _builder_version=&#8220;4.18.0&#8243; _module_preset=&#8220;default&#8220; global_colors_info=&#8220;{}&#8220;][/et_pb_image][/et_pb_column][/et_pb_row][et_pb_row column_structure=&#8220;1_2,1_2&#8243; _builder_version=&#8220;4.18.0&#8243; _module_preset=&#8220;default&#8220; custom_margin=&#8220;41px|auto||auto||&#8220; global_colors_info=&#8220;{}&#8220;][et_pb_column type=&#8220;1_2&#8243; _builder_version=&#8220;4.18.0&#8243; _module_preset=&#8220;default&#8220; global_colors_info=&#8220;{}&#8220;][et_pb_gallery gallery_ids=&#8220;35,40&#8243; fullwidth=&#8220;on&#8220; _builder_version=&#8220;4.18.0&#8243; _module_preset=&#8220;default&#8220; auto=&#8220;on&#8220; global_colors_info=&#8220;{}&#8220;][/et_pb_gallery][/et_pb_column][et_pb_column type=&#8220;1_2&#8243; _builder_version=&#8220;4.18.0&#8243; _module_preset=&#8220;default&#8220; global_colors_info=&#8220;{}&#8220;][et_pb_text _builder_version=&#8220;4.18.0&#8243; _module_preset=&#8220;default&#8220; global_colors_info=&#8220;{}&#8220;]</p>
<h2 style="text-align: left;">Willkommen auf unserer Website!</h2>
<p>&nbsp;</p>
<p style="text-align: left;">Das Haus Minnhard liegt mitten auf unserer schönen Insel. Die Ferienwohnung ist für 2 Personen und liegt im Dachgeschoss des Hauses.</p>
<p style="text-align: left;">Unser schöner Garten lädt zum Verweilen ein.</p>
<p style="text-align: left;">Freuen Sie sich auf einen entspannten Urlaub.</p>
<p style="text-align: left;">
<p style="text-align: left;">Birte und Michael Meewes</p>
<p>[/et_pb_text][/et_pb_column][/et_pb_row][/et_pb_section]</p>

<p>Willkommen auf unserer Website! &nbsp; Das Haus Minnhard liegt mitten auf unserer schönen Insel. Die Ferienwohnung ist für 2 Personen und liegt im Dachgeschoss des Hauses. Unser schöner Garten lädt zum Verweilen ein. Freuen Sie sich auf einen entspannten Urlaub. Birte und Michael Meewes</p>
